t is 23 + (7 + -7 - 21)?
2
What is 0 + -11 + (-3 - (2 - 2 - 0))?
-14
What is -4 + (-11 - -11) + -20?
-24
(13 - 19) + -4 + 8 - -6
4
What is (-1 - -4 - (75 + -62)) + 27?
17
Evaluate -13 + 14 + 55 + -51.
5
What is -16 + 11 + -6 + 26?
15
Calculate 4 + 4 + (-25 - -17) + 8.
8
(-6 - -1) + -126 + 119 + 0 + 10
-2
Evaluate -11 + (-2 - 4) + (96 - 82).
-3
What is (-16 - -13) + 9 + -3?
3
Evaluate -2 + 22 - ((29 - -18) + -37).
10
What is the value of 1 + 7 + (-23 - 46) + 62?
1
20 + 10 + 32 + -51
11
What is -12 - (8 + -1) - (-19 - -2)?
-2
Evaluate (-127 - -136) + 5 + 1 - -3.
18
What is the value of -6 - -6 - (-2 - (-3 - (-4 + 4)))?
-1
2 + 5 + (-3 + (13 - 5) - 10)
2
Evaluate -6 - (-1 + 5 + 2 + 7 - 7).
-12
Evaluate -8 + (-1 - -1) + (1524 - 1505).
11
What is the value of (-6 - (-4 + 3)) + -7?
-12
What is (0 + (-4 - -14) - 2) + 1?
9
Calculate 22 + (-24 - -5 - (-5 + -5)).
13
Evaluate 12 - 16 - ((-4 - -7) + 1) - 18.
-26
Calculate (9 - 7 - -3) + 8 - (9 + 0).
4
What is -3 + -15 + 31 - (58 + -26)?
-19
(-11 - -1) + 22 + -8
4
(10 + (-3 - 11) - 3) + (1 - -1)
-5
Evaluate 14 + (32 - 42) + -16.
-12
(9 - -6) + 1 + -2
14
What is the value of (-1 - 3) + (0 - 1) - (-46 - -33)?
8
What is 3 - 2 - 7 - (-17 + 0 - -17)?
-6
Calculate 13 - (22 + (16 - (3 + 1))).
-21
Evaluate -551 + 544 - (13 + -2).
-18
What is the value of (-44 - (-14 - 2 - -9)) + 11?
-26
What is (-37 - -4) + 26 - (1 - 10)?
2
What is (16 - 22 - (-3 - 3 - 2)) + 21?
23
Calculate 10 - 16 - (-6 + 4 - (1 + -2)).
-5
Evaluate -3 + (-6 - (-5 + 1)) + (2 - 2).
-5
Calculate (-3 - (2 - 0)) + (-1 - 0 - -15).
9
Calculate 17 - (-1 - 7 - -16 - 1).
10
Calculate 1 + 23 - 47 - -17.
-6
Evaluate (0 + -5 - -9) + -2 - -6.
8
20 + 3 + (38 - 40) - 3
18
Calculate (-3 - -28) + (28 + -15 - 25).
13
What is the value of -20 + (17 - (-31 + 38))?
-10
What is the value of 19 + (-4 - 18) + 3?
0
What is -112 - -105 - (-1 + -3)?
-3
Calculate -15 + (11 - (-15 + 8 + 13)).
-10
Calculate -22 + (18 - 20) + 43.
19
What is 17 - 39 - (0 - 6)?
-16
Calculate 4 - 2 - -1 - (0 - (2 - 3)).
2
What is 3 + -36 + (58 - 37)?
-12
What is -6 - (28 - ((-4 - -26) + -8))?
-20
Calculate 23 - (-10 - ((-11 - -1) + -6)).
17
Calculate -12 - (12 + -15 + 10 - 52).
33
(-89 - -76) + (1 - 0) + 3 + 2
-7
(7 - 1) + 0 + -12
-6
What is (-1 - 5) + (43 - 56 - (5 - 10))?
-14
What is (9 + -6 - 4 - 3) + -1 - 2?
-7
Calculate (-19 - -4) + 0 + (-2 - -11 - 4).
-10
Evaluate (39 - 43) + (8 - -4 - 4).
4
What is -8 - 1 - (-83 + 49 - -46)?
-21
What is the value of -3 - -9 - (9 + 16 - 1 - 5)?
-13
Calculate -1 + -8 + 22 + -12.
1
(-1 - 2) + (-103 - -110)
4
What is the value of (8 - 7) + 0 + 12 + (-9 - -1)?
5
What is the value of -1 - 11 - (14 + -4 + -11)?
-11
Evaluate 31 - 30 - (-6 + -4 + -10).
21
What is the value of -18 + 2 + 1 - (122 - 112)?
-25
What is -26 - (-6 - (-14 + 4))?
-30
-27 + 6 - -9 - -10
-2
Evaluate 40 - ((-17 - -10) + 34).
13
What is the value of -40 + 40 + (-6 + 3 + 9 - 10)?
-4
What is (0 - 2) + 13 + -14 + -5?
-8
Evaluate (-6 - -1) + 20 + (-1 - 14).
0
What is 3 - (6 - 3) - (1 + -5)?
4
-4 + -4 + 1 - -22 - (1 - -1)
13
What is -28 - (8 + -10) - -61?
35
What is the value of 1 + 10 + 2 - 10?
3
Calculate -8 + 4 + (-11 - 0) + 11 + 3.
-1
What is the value of 4 + 5 + -3 + (3 - (3 - 3))?
9
What is the value of -20 - (14 + -20 - 4)?
-10
Calculate -6 - -22 - (6 + -2).
12
(3 - 16) + (-26 - -35) + -3
-7
Evaluate -4 - ((10 - (-6 - -13 - -1)) + 16).
-22
What is the value of -13 + (-1 - (7 + 2 - 9))?
-14
34 + -9 - (-3 + 20)
8
What is the value of (19 - (36 - 7)) + -20?
-30
What is -5 + -3 + 14 + -8 + -13 + 6?
-9
Evaluate 1 + (11 - (1 + -9)) + -17.
3
Evaluate -3 - (-29 + (15 - 8)).
19
Evaluate (0 - 2 - 7) + -96 + 97.
-8
Calculate 7 - (-3 - 20) - 13.
17
Calculate 8 + 1 + 2 - 9.
2
0 + 7 + (-12 - (-13 - -22))
-14
31 - (-10 + 37 - -1)
3
What is (-6 - (8 - 13)) + 5 - 6?
-2
-159 - -154 - (0 + 3 - (0 - -3))
-5
What is the value of -34 - (-73 + -4 + 34)?
9
What is the value of -29 + 6 + (13 - -12)?
2
What is the value of (314 - 299) + -32 + 1 - -33?
17
(-3 - -1) + (-27 + 14 - (-3 + -35))
23
What is the value of -687 - -675 - (-2 + (0 - 1))?
-9
What is the value of 0 - 8 - (7 - 14)?
-1
Evaluate (7 - 16) + (-1 - -1) + -3.
-12
Evaluate -44 - -49 - (-4 - (-3 - (-3 - 0))).
9
-23 + (2 - (-18 - -16))
-19
1 + 12 - (-72 - -64) - 1
20
-9 + ((2 - -7) + -8 + -11 - -12)
-7
Evaluate -8 - -1 - (-17 + -1 + 19).
-8
What is -15 - 1 - (-32 + 10 + 20)?
-14
Calculate 4 + -3 - (0 + 2 + (-8 - -14)).
-7
What is -7 - ((-19 - -14) + 7)?
-9
What is the value of 4 - (7 - (-1 + 4)) - (-2 - -4)?
-2
What is the value of 24 + -6 - 12 - (6 - 4) - -13?
17
-5 - (-12 + (6 + -15 - -4 - -12))
0
Calculate (2 - 5 - -1 - 5) + -17.
-24
Calculate 28 - (-26 + -19 + 56).
17
What is the value of 3754 + -3769 + 19 + 0 + -1?
3
Evaluate -2 + -1 - (1 - (6 - (-1 + 6))).
-3
What is 7 - (17 - (27 - 15))?
2
Calculate -2 - (-25 + 1) - (-167 - -166).
23
5 + (-2 - 4) + 44 + -30
13
Evaluate (8 - 4 - 5) + -9.
-10
Calculate -8 + (5 - 2) - (-32 + -1 + 31).
-3
What is the value of 1 - (4 + 5 + (-2 - -2) + -6)?
-2
What is -13 + (-10 - 3 - -7) + 5?
-14
What is (24 - 26) + (1 - -1) + -4 + 0?
-4
What is -10 + 21 + (-17 - 4)?
-10
2 + (-10 - (10 - 4 - 12))
-2
What is (-26 - (-14 + -6 + 5)) + -14?
-25
What is the value of 13 + (2 + -8 - (-71 - -69))?
9
What is -2 + -9 + (11 + -12 - (-9 - -4))?
-7
What is the value of 1504 - 1510 - (24 - (-2 + 1))?
-31
What is the value of (-1 - -8) + (-24 - -6 - 0)?
-11
What is the value of -1 + (0 - -6) + -5 + (-8 - -12)?
4
Calculate (-1 + 0 - (20 - 33)) + 2 + 0.
14
What is 14 + (0 + -1 - (109 + -79))?
-17
What is the value of -2 + 4 + -6 - (-13 + 0)?
9
Calculate -5 + 1 + ((-8 - -18) + -9 - -13).
10
What is the value of -10 - (-4 + (6 - 10)) - -15?
13
Calculate -1195 + 1198 - (-8 + (-1 - 1) - -2).
11
What is (5 - 1 - 6) + 8 + -3 + -7?
-4
Evaluate 15 + 8 + -12 - 2 - (3 + -7).
13
What is the value of (1 - 3) + -315 + 328?
11
Evaluate -42 - -5 - (10 + -17 + 0).
-30
Calculate -4 + (-7 - 1 - -13) - -5.
6
Evaluate 42 - ((7 - -1) + (19 - (42 - 26))).
31
What is 19 - 12 - 5 - (19 - -1)?
-18
What is the value of -11 + -2 + 2 + (20 - 28 - -15)?
-4
What is -15 - ((-10 - -23) + -18)?
-10
5 - 28 - -16 - (1 + -19)
11
Evaluate (-19 - -8 - -10) + 13.
12
What is the value of 68 - 66 - (-6 + -2 + (0 - -1))?
9
What is the value of (-40 - -48) + (15 - (1 + -7))?
29
Evaluate -11 + (12 - 13) + 6.
-6
Evaluate -12 + 0 + 26 + (-21 - 6).
-13
What is 18 - (4 + 25) - -25?
14
What is the value of (-2 - -5) + -1 - ((-6 - -1) + -2)?
9
What is the value of 103 + -106 - (-2 - 11)?
10
(-7 - -1) + (33 - 13 - 5)
9
-6 + -3 + (1 - 7) - (-3 - 0)
-12
What is the value of 20 + -3 - (5 - 3)?
15
What is the value of (-2 - -29) + (4 - (38 + -28))?
21
Evaluate (-3 - -21 - 38) + 46.
26
What is the value of 8 + 3 + 8 + (7 - 14)?
12
What is the value of 38 + -23 - (5 - 13)?
23
What is the value of -347 + 348 + (2 + -1 - (-5 - 20))?
27
What is the value of (-17 - (54 + -39)) + 23?
-9
10 + 7 + -11 - (-5 + 3 - -10)
-2
What is the value of (-42 - -37) + (-6 - 1)?
-12
Calculate (-3 - 10) + 40 + -55.
-28
Calculate -279 + 286 - (-1 + -5 + 0).
13
What is -2 - (-4 + -4 + 6 + 9 + -9)?
0
Calculate 13 + -9 + -3 - -13.
14
What is the value of 5 - (10 + -5 - (4 - 6))?
-2
Calculate (1 - 17 - -2) + 0.
-14
23 + -14 + 7 + -31
-15
What is the value of -25 + 17 + 22 + -2?
12
What is the value of -24 + (-10 - -23 - -25)?
14
What is the value of 0 + -4 - 2 - (-8 - -6 - -9)?
-13
Calculate 8 + ((23 - 18) + -11 + -3 - -15).
14
What is the value of (-37 - (-3 + -46)) + (0 - -29) - 3?
38
What is 6 - 16 - (-17 + 10) - (-2 - 9)?
8
9 - ((-1 - -5) + -7 + 14)
-2
(1 - -14) + -30 + (20 - 5)
0
Evaluate -6 - 6 - (11 + 2 + 6 - 11).
-20
What is the value of (-39 - (27 + -67)) + 4 + -1?
4
Evaluate -550 + 550 - (4 + 0).
-4
What is -2 + 0 + (-12 - (-2 - (3 - 4)))?
-13
Calculate 9 - (37 + (-35 - -16)).
-9
What is the value of -7 - 6 - (-11 - 5)?
3
What is the value of 155 + -146 + (-3 - -4)?
10
5 + -7 + 14 - ((3 - 7) + 6)
10
-14 - (7 - (-8 - -7) - 11)
-11
What is 2 + ((9 - 1) + -7 - 3 - 5)?
-5
-38 + -6 - -22 - -6
-16
Calculate -3 + 5 + 2 + 119 + -127.
-4
What is the value of 1 + 0 + -16 - (-737 + 755)?
-33
Evaluate 1 - (8 + 4 + -6 - (3 + 13)).
11
What is the value of (0 - 0) + 2 - -3 - (22 + -6)?
-11
Calculate 9 + (-27 - -20) + 12 - 